3 + 1/4*n**4 + 3/2*n**2 + n + 0. What is the units digit of s(-2)?
9
Suppose 5 - 7 = -a. Suppose -a*k - 68 = -6*k. What is the units digit of k?
7
Let l(j) = 2*j + 17. Let v(a) = -3*a - 25. Let n(z) = 7*l(z) + 5*v(z). Let f be n(0). What is the units digit of -1*2 + 0 - f?
4
Let k = 6 - 3. Suppose 0 = -h + k. Suppose 2*x + h*x - 10 = 0. What is the units digit of x?
2
Let g(q) = -2*q - 3. Let w(f) = -2*f - 4. Let o(u) = 2*g(u) - 3*w(u). What is the units digit of o(4)?
4
Let s(o) = o**3 + 6*o**2 - 6. Let h be s(-6). Let t = h - -9. Suppose 2*y + 1 = t*y. What is the units digit of y?
1
Let p(y) = y - 7. Let w be p(8). Let b = 2 - w. What is the units digit of b?
1
Let j(m) = -24*m + 1. What is the tens digit of j(-2)?
4
Let v(z) = z**3 + 12*z**2 + 17*z + 11. What is the tens digit of v(-6)?
2
Let b = 0 + 0. Suppose b = -4*s - 0*s + 20. What is the units digit of s?
5
Let b = 3 - 5. Let a = b - -14. What is the units digit of ((-1)/3)/((-2)/a)?
2
Let z(h) = h**2 - h + 5. Let r be (0 + 0)*3/6. What is the units digit of z(r)?
5
Suppose 10*n - 7*n = 207. What is the units digit of n?
9
Let l(z) = -6*z - 3. Let q be l(-5). Suppose -2*s - 24 = 4*j - 6*s, 5*j + q = 4*s. Let d = 4 - j. What is the units digit of d?
7
What is the tens digit of 2/6*0 - -100?
0
Let n(o) = -9*o - 2. What is the units digit of n(-4)?
4
Let y = 4 - 2. Suppose -1 = -c + y. What is the units digit of c?
3
Suppose 21 = -3*u + 27. What is the units digit of u/5 - (-78)/5?
6
Let s(z) = 5*z**3 + 19*z**2 - 36*z + 32. Let x(v) = -3*v**3 - 13*v**2 + 24*v - 21. Let l(t) = 5*s(t) + 8*x(t). What is the units digit of l(8)?
4
Let q(b) be the first derivative of -b**3/3 + b**2/2 - 3. Let o(u) = 4*u**2 - 6*u - 2. Let c(z) = o(z) + 3*q(z). What is the units digit of c(-2)?
8
Suppose -c - 3 = -2*c. What is the units digit of 1 + 4 + (4 - c)?
6
Let m be 2/6 + 10/6. What is the tens digit of 165/9 + m/3?
1
Let o(h) = -7*h + 4. What is the units digit of o(0)?
4
Let n be (-36)/(-3)*12/2. Suppose 2*a = -2*a + n. What is the units digit of a?
8
Let j(b) = b**3 - 5*b**2 + 5*b + 7. Let i be j(5). Suppose 0*c - 4*c = -i. What is the units digit of c?
8
Let h(w) = -3*w - 8. Let g = 0 - 11. What is the tens digit of h(g)?
2
Suppose -5 - 3 = -2*m. Suppose -d + m*r + 14 = 0, -3*r = -3*d + r + 34. What is the units digit of d?
0
What is the units digit of 3 + (-1 - -5 - -64)?
1
Let c(t) = -t + 8. Let q be c(6). Let i = -6 - -10. Suppose -32 = -i*u - 2*l, -3*l + q*l + 8 = u. What is the units digit of u?
8
Suppose -3*v + 0*r + 161 = 4*r, 2*v - 4*r = 114. Let j = -36 + v. What is the tens digit of j?
1
Let t = -13 + 4. Let y = -18 - -12. What is the units digit of (-6)/(-4)*y/t?
1
Let y(b) = 3*b**2 + 3*b + 3. What is the tens digit of y(-6)?
9
Let x = -5 + 3. Let z(o) = 6*o**2 - 2*o - 1. What is the tens digit of z(x)?
2
Let v = 13 + -6. Suppose 3 = 2*h - v. What is the units digit of h?
5
Let q(o) = -o + 10. Let y be q(7). Suppose -4*v + 5*c + 60 = 0, 0 = -2*v + y*c + 38 - 6. What is the tens digit of v?
1
Suppose 4*o = -4*f + 192, 4*f = -0*o - o + 51. What is the units digit of o?
7
Let x(z) = z**3 + 5*z**2 - 6*z - 4. Let s be x(-6). Let a = 11 + s. What is the units digit of a?
7
Suppose -7*p + 2*p - 3 = -g, 4*g = 4*p + 12. What is the units digit of (2 - 1)*(p + 1)?
1
Let o be 55/10 + 1/(-2). Let b be (-2)/3 - o/(-3). What is the units digit of (-1)/(-2)*(b - -3)?
2
Suppose -3*z = -2*z - 6. Let s be 63/(-6)*(-4)/z. Suppose -4*o - o = -5*v - 25, -o + s = -2*v. What is the units digit of o?
3
Let j = 152 - 77. What is the units digit of j?
5
Let p be -1*1/2*-6. Suppose 0 = -c + 5 - p. What is the units digit of c?
2
Let z(i) = i - 4. Let t = -7 - -13. Let a be z(t). Suppose 5*d - 15 = -0*d, a*f - 3*d - 17 = 0. What is the units digit of f?
3
Let c(g) = 8*g - 32. What is the units digit of c(9)?
0
Let g(y) = y**3 + 4*y**2 - 2*y - 9. Let v be g(-4). What is the units digit of (v - 1 - 7)/(-1)?
9
Let h(b) be the first derivative of 3*b**3 + 2*b**2 + 3*b + 4. What is the units digit of h(-2)?
1
Let v(i) = -2*i + 19. What is the units digit of v(5)?
9
Suppose 9*b + 26 = 10*b. What is the units digit of b?
6
Let r be 2 + 2*(-3)/(-6). Let p = r + -2. Let j = p - -2. What is the units digit of j?
3
Suppose 5*x = -3*d - 8 - 79, -3*d - 3*x = 81. Let n = 36 + d. What is the tens digit of n?
1
Let v be -10*7/(70/(-4)). What is the tens digit of (v - -1) + -3 + 14?
1
Let o(t) = -t**2 - 8*t - 7. Suppose 0 = 2*g + 3*g + 25. What is the units digit of o(g)?
8
Let d be 10/(-15) + 2/3. Suppose 3*l + d*l = 96. What is the tens digit of l?
3
Let d(r) = 2*r**2 - 4. Let o be d(-3). Let c = 27 - o. What is the tens digit of c?
1
Let c(g) be the second derivative of 1/12*g**4 - 1/2*g**3 + 0 - g + g**2. What is the units digit of c(4)?
6
Let z(a) = 2*a**2 - 9*a + 4. What is the tens digit of z(7)?
3
What is the hundreds digit of (-6)/(-4)*2380/15 + 0?
2
What is the units digit of 76 + -3 - (0 - 6)/(-2)?
0
Let i be 1/(-3) - 164/12. Let o = -21 - -14. Let l = o - i. What is the units digit of l?
7
Let o(h) = -2 + 2*h**2 - 3 - 2*h - h**2. Suppose 7*s = 6 + 36. What is the tens digit of o(s)?
1
What is the units digit of (3 - -2)*102/15?
4
Let w = -10 + 4. Let i be 9/(-6)*(-4)/w. What is the units digit of (i/3)/(1/(-6))?
2
Suppose -2*n + 165 = 3*n. What is the units digit of n?
3
Suppose 2680 = -x + 11*x. What is the hundreds digit of x?
2
Let m be 80/6*(-36)/(-15). Let s = 47 - m. What is the tens digit of s?
1
Let q be ((-2)/4)/((-3)/48). Let d(x) = -x**2 + x. Let c(w) = w**3 - 4*w**2 + 4*w. Let u(i) = c(i) + 5*d(i). What is the units digit of u(q)?
8
Suppose -3*o + 2*o = -48. Suppose x = -3*x - o. What is the units digit of (x/(-20))/((-2)/(-30))?
9
Let m be 9/2 + (-2)/4. Let a(n) = -2 - 1 + m*n - 1. What is the units digit of a(3)?
8
Let y(f) = 3*f**3 + 2*f**2 + f. Let l be y(2). Let j = l + -22. What is the units digit of j?
2
Suppose 2*d + 2*d - 3*h = 147, -5*d + 3*h = -183. What is the units digit of d?
6
Let w(p) = 2*p - 1. Let m(q) = 2 + 2*q**2 - q**2 - q - 5. Let t be m(3). What is the units digit of w(t)?
5
Let m(c) = c**3 - 6*c**2 + 5*c + 6. What is the units digit of m(6)?
6
Let j be 2/(-3) + 33/9. What is the tens digit of ((-7)/j)/(1/(-6))?
1
What is the tens digit of (-8)/(-28) - 1392/(-28)?
5
Suppose -4*w + 5 - 1 = 0. Suppose 2*i - 13 = -w. Let o = i + 10. What is the tens digit of o?
1
Let w = -129 - -192. What is the units digit of w?
3
Suppose 3*b + 9 = 5*y, b - 5*b = -2*y + 12. Let t(r) = r + 7. Let j be t(9). Suppose -4*w + j = y, w + 2*w = -a + 21. What is the units digit of a?
9
What is the units digit of 36 - 0/(-1) - 3/(-1)?
9
Let n = -1 - -1. Suppose 0 = -n*t + 4*t - 60. What is the tens digit of t?
1
Let a = 192 + -67. What is the hundreds digit of a?
1
What is the units digit of (-2625)/(-12) - 4/32*-2?
9
Let p(c) = -11*c + 1. Let s(u) = 12*u - 1. Let z(q) = -5*p(q) - 6*s(q). What is the units digit of z(-2)?
5
Suppose -5*m - 5*s + 168 + 47 = 0, 5*m = -4*s + 215. What is the tens digit of m?
4
Suppose -j + 4 = 2*y - 3*j, 5*j + 2 = y. Suppose y*d + 0*d - 6 = 0. What is the units digit of (2 - d)/(-1) + 7?
8
Let p(m) = 5*m**2 + 3*m + 4. What is the units digit of p(4)?
6
Let d = 2 - -91. What is the tens digit of d?
9
Let q(f) = f**2 - f - 1. Suppose 0 = -3*b - 5*w + 26, 5*w - 11 - 1 = 4*b. What is the units digit of q(b)?
1
Suppose -2*f - 3*g + 0 - 11 = 0, -5 = g. Suppose -2 + 8 = f*y. What is the units digit of y?
3
What is the units digit of (-1437)/(-6) + (20/(-8) - -3)?
0
Suppose -45 = -5*x + 35. Suppose b - x = -3*b. Suppose b*t - 8 = 3*t. What is the units digit of t?
8
Let u be 216/16 - 1/(-2). Suppose -2*t - u = 5*w - 48, -4*t - w + 104 = 0. What is the units digit of t?
7
Let o = 27 - 11. Let i(d) = 3*d - 21. What is the units digit of i(o)?
7
Let x(r) = -r**2 + 7*r - 3. Let i be 1 + 2 + 3 + 0. Let b be x(i). Suppose 5*k - 4*v - 63 = 0, b*k = 4*v + 10 + 31. What is the units digit of k?
1
What is the units digit of -33*3/27*-3?
1
Let p = -39 - -23. What is the units digit of 2/(-4) - 760/p?
7
Suppose -5*q + 5*t + 417 + 538 = 0, -4*t + 724 = 4*q. What is the units digit of q?
6
Let d(f) = 7*f**2 - 5*f - 5. Let t(j) = -8*j**2 + 6*j + 5. Let y(q) = -7*d(q) - 6*t(q). Let v be y(0). Suppose -3